r**2 - 11*r - 4. What is the units digit of o(c)?
8
Let v(l) = -49*l**2 + 7*l + 11. Let q be v(-2). Let y = 13 - q. What is the hundreds digit of y?
2
Suppose 0 = -9*m + 7*m + 1220. Suppose -15*t = -13*t - m. What is the hundreds digit of t?
3
Suppose 15 = -3*d + 21. What is the tens digit of 3/d*(-220)/(-15)?
2
What is the units digit of (-14 - (-70)/7)/((-4)/1522)?
2
Let i = -104 - -135. Suppose 141 - i = 5*n. What is the tens digit of n?
2
Let v(c) be the third derivative of -c**6/120 + 7*c**5/60 - c**3 - 2*c**2. Let s be v(7). What is the tens digit of s/(-2) + (-11 - -71)?
6
Let w(h) = -h**2 + 6*h - 4. Let l be w(4). Suppose 4*v = -l*p - 48, -v + 43 = -4*p - 4*v. What is the tens digit of (-126)/(-6)*(-12)/p?
3
What is the hundreds digit of 168372/(-18)*(-1)/3?
1
Let b be (5 - 1)*7931/22. What is the hundreds digit of b/10 - 7/35?
1
Let d(a) = -a**3 - 22*a**2 - 7*a - 52. Let m(p) = p - 13. Let i be m(-9). What is the hundreds digit of d(i)?
1
Suppose 0 = -5*y + 7 + 18. Let q(h) = -3*h - 26 + 4*h**2 + 49 - 3*h**2 - 28. What is the units digit of q(y)?
5
Suppose -9*o + 11312 = -2*o. What is the thousands digit of o?
1
Suppose 0 = -0*a + 5*a. Suppose 17 = -d - z + 51, 3*d - 5*z - 70 = a. Let o = 78 - d. What is the tens digit of o?
4
Let c = 26 + -14. Suppose c*i - 9*i = 105. What is the units digit of i?
5
Suppose 2*s = -j + 5, s + 2*j + 0 = -5. Let y(k) = -s*k**2 - 3*k + 38*k**3 + 12*k - 39*k**3. What is the units digit of y(-7)?
5
Suppose -3*o + 2*i - 3*i - 888 = 0, 0 = -3*i - 9. What is the units digit of 1 + o/(-6) + 3/(-18)?
0
Let s be (-820)/(-8) - (0 - 2/4). Suppose -4*u = -3*p - 557, -4*u + s = 5*p - 494. What is the units digit of u?
3
Suppose -2*r + 3*m - 209 = 0, -3*r - 468 = r + 4*m. Let p = r - -168. What is the tens digit of p?
5
Let d be (1 - -7) + (-8)/12*3. What is the tens digit of (3 + -6)*(-20)/d?
1
Suppose 3*z - 6 = 5*z, d - 3*z - 19 = 0. Let u = -7 + d. Suppose -4*g - 38 = -2*n, 3*n + 2*n = u*g + 60. What is the units digit of n?
9
Suppose -2*q - q - 12 = 0. Let d(v) = 3*v**2 + 5*v - 6. Let z be d(3). What is the units digit of 1/(q/z*-1)?
9
Let h = -1 + 1. Let j = -5 - -12. Let y = j + h. What is the units digit of y?
7
Let l be 3 + (1/(-1) - -1). Suppose -2*s + 3*u = -0*u - 32, -l*u - 6 = 0. What is the tens digit of s?
1
Suppose -54 = -10*l + 86. Suppose -l*t + 19*t - 935 = 0. What is the tens digit of t?
8
Let p(f) = 15*f**2 + 20*f + 260. What is the tens digit of p(-7)?
5
Let k be 3 + 1*(3 - 2). Suppose 4*c + 5*t - 4*t = 172, -156 = -k*c - 5*t. What is the units digit of c?
4
Suppose 0 = -n + 10 + 2. Suppose -2*f - 18 = -3*w - 6*f, -3*f = -2*w + n. Let l(p) = 4*p - 13. What is the units digit of l(w)?
1
Suppose -5 = -2*l - 3*f, l - 6 = -0*l + 2*f. Suppose 2*g - u - 353 = -104, l*u - 655 = -5*g. What is the units digit of g?
7
What is the units digit of (-10)/6 - -2 - (-6358)/6?
0
Let i = -43 - -45. Suppose -i*k + 145 = -k. What is the units digit of k?
5
Let n(m) = -5*m - 40. Let w(t) = 16*t + 121. Let j(f) = -7*n(f) - 2*w(f). What is the units digit of j(23)?
7
Let y(n) = 3*n**2 + 9 + 16*n + 4*n - 23 - 4*n**2. What is the tens digit of y(17)?
3
Suppose u + 15 = -2*u, 34 = 3*h + 4*u. Suppose -4*f = 2*y - 3*f - h, 0 = -2*y + f + 22. What is the units digit of y?
0
Let o(v) = 13*v + 370. What is the tens digit of o(51)?
3
Let w(t) = 2*t - 1 - 2 - 2. Let i be w(5). Suppose 4*c + i*a - 96 = 0, 0*a - 87 = -5*c + 2*a. What is the units digit of c?
9
Suppose 5*q + 1 = 6. Let f be (20/2)/(q + 1). Suppose 4*h = -y + 89, -22 = -4*h - f*y + 87. What is the units digit of h?
1
Let i(a) = a**3 - 18*a**2 - 9*a - 75. What is the hundreds digit of i(20)?
5
Suppose 195 + 2606 = 5*x - 4*w, -2*x + 1098 = 4*w. What is the tens digit of x?
5
Suppose 5*v + 5828 + 5440 = 3*r, 0 = 2*v. What is the thousands digit of r?
3
Let p(g) = g**3 - 5*g**2 - 4*g - 8. Let z be p(6). Suppose -j + 9 = -2*m, -z*j + 0*m = 2*m - 16. Let i = j - 0. What is the units digit of i?
5
Let r(j) = 2*j**3 - 4*j**2 + 2*j - 4. Let a be r(3). What is the tens digit of (-4)/(a/(-18) - -1)?
3
What is the units digit of (3/2)/((-135)/(-60300))?
0
Let j = -31 + 61. Let k(b) = 2*b + 8. Let i be k(8). Suppose 3*y - i = j. What is the units digit of y?
8
Let q be (-3)/(-1) + -6 + 8. Suppose -q*o + 3*a + 22 = 0, -3*o - 3*a = 7 - 1. Suppose o + 4 = f. What is the units digit of f?
6
Let h be 6/(-24)*(-8)/(-2) - -37. Suppose -91 = -n + h. What is the tens digit of n?
2
Let b be 6*(-75)/10*-19. Let a = b - 605. What is the tens digit of a?
5
Let z be 5/3*(-1 + 6 + -2). What is the units digit of ((30/(-8))/z)/(1/(-4))?
3
Let p be 0 - (-1 + 0)*2. Suppose 0 = -3*j - p*x + 395, -5 + 20 = -3*x. Suppose 0 = -3*a - 3*q + j, -115 = -3*a + 3*q - q. What is the tens digit of a?
4
Let a = -539 - -1478. What is the tens digit of a?
3
Let f = 90 + -85. Suppose -3*w - 129 = -3*b, -7*b + 3*w + 83 = -f*b. What is the units digit of b?
6
What is the units digit of (183/3)/(0 + (-2)/(-6))?
3
Suppose 4*b + 201 - 561 = 4*w, 5*b + 25 = 0. Let i = -20 - w. What is the units digit of i?
5
Let m(u) = 38*u**2 + 4*u - 102. Let l(g) = -13*g**2 - 2*g + 34. Let j(y) = 11*l(y) + 4*m(y). What is the tens digit of j(-5)?
2
Let x(c) = -c**3 - 4*c**2 - 2*c + 4. Suppose -h = -5*h + 2*k, -5*h - 5*k + 15 = 0. Let b be h*(-3 + -4 + 3). What is the tens digit of x(b)?
1
Let m be 32/5 - 6/(-10). Suppose -m*h + 2*h = -10. Suppose -h*f + 11 = -27. What is the tens digit of f?
1
Let g be ((-16)/(-20))/(1/5). Suppose g*n + 2*u - 265 = u, -3*u - 310 = -5*n. What is the tens digit of n?
6
Let b = -14 + 17. Suppose -b*x = -2*x - 4. Suppose -x*p + p + 69 = 0. What is the units digit of p?
3
Let q(o) = -14*o**2 - o - 8. Let d be q(-5). Let j = -181 - d. Suppose -6*p = -2*p - j. What is the units digit of p?
3
Let l = -349 + 474. What is the tens digit of l?
2
Suppose -f + 110 = s - 154, 0 = -5*f - s + 1328. What is the tens digit of f?
6
Let s(f) = 2*f**2 + f - 21. What is the units digit of s(-8)?
9
Suppose -285 - 173 = -q. What is the tens digit of q?
5
Let z(u) = -4*u - 8. Let j be z(-13). Suppose -2*d - j = -2*y + 20, -4*d - 66 = -2*y. What is the units digit of y?
1
Suppose 10*s - 11482 = -2202. What is the tens digit of s?
2
What is the hundreds digit of (-36)/(-45) - (-21655)/25?
8
Suppose 0*c = -u - 3*c - 38, 2*u - 3*c = -31. Let j = u - 4. What is the tens digit of 6/j + (-908)/(-36)?
2
Let u = -1 + 5. What is the tens digit of (u - 3 - -40) + -2?
3
Let r(u) = -u**3 - 3*u**2 + 3*u - 1. Let x be r(-4). Let z be 25*(-7 + x)/(-4). Suppose -j = -4, 2*g - 3*j - 7 = z. What is the units digit of g?
2
Let w be (-4 - -2)*(6 + -9). Suppose -5*s + 1230 = -4*x, x + 1 - w = 0. What is the hundreds digit of s?
2
Let o(x) = x**2 + 6*x - 15. What is the tens digit of o(-16)?
4
Let j = 94 - 106. What is the units digit of (-4 + 27/5)*(-2 - j)?
4
Let a(k) = 69*k**2 + 8*k - 7. What is the tens digit of a(1)?
7
Let i = -4 + 57. Suppose -g + 170 = -i. What is the hundreds digit of g?
2
Suppose -2*n + 4*d = -16, -4*n + 2*d + d + 17 = 0. Suppose 5*x - 4*a - 18 = 0, 0 = -3*x - 0*a + n*a + 10. Suppose 36 = x*y - 38. What is the tens digit of y?
3
Let b(i) = -50*i + 41. What is the tens digit of b(-20)?
4
Suppose q + 7 + 2 = 4*j, j - 2*q - 11 = 0. Let o be (-1 + j)/((-6)/(-3)). Suppose o = -u - 2*u + 87. What is the tens digit of u?
2
What is the hundreds digit of ((-5196)/8)/(24/(-80))?
1
Suppose -a - 2*b = a - 62, 2*a - b - 71 = 0. Let l = 37 - a. Suppose 167 = 5*d - 4*x, -d - l*x = 2*d - 111. What is the units digit of d?
5
Let f(c) = c**2 - 6*c - 3. Let w be f(-7). Suppose w = -2*x - 2*x. Let d = -12 - x. What is the tens digit of d?
1
Let k(t) = -11*t + 12*t + t**2 - 3*t + 75 + 2*t**3 + 0*t. What is the tens digit of k(0)?
7
Suppose -11*j = a - 5*j - 87, -a + 2*j + 47 = 0. What is the units digit of a?
7
Let l be (-5)/(1 + 4/(-2)). Suppose -f + 2*f - 564 = -5*w, l*w = -4*f + 561. What is the hundreds digit of w?
1
Let k = -27 + 29. Suppose -4*n - 4*j + 136 = -52, 206 = 4*n - k*j. What is the units digit of n?
0
Suppose 1149 - 3879 = -7*j. What is the units digit of j?
0
Let z(o) = 0*o**2 - 6*o**2 + 3 - 8*o + o**3 + 7. Let p be 0 - (-3)/6*14. What is the units digit of z(p)?
3
Let v = 21 - 31. Let c = v - -22. What is the tens dig